-9). Suppose -2*t = 3*c - 42, 4*t + 2*c = -c + d. Let x = -13 + 19. What is the highest common factor of t and x?
6
Suppose 5*r = -4*f + 259, -r + 6*r = 3*f - 203. Let v = f - -4. What is the greatest common divisor of v and 10?
10
Suppose 29 - 9 = 5*s. Suppose 5 = -b - 5*j, 4*b - 40 = -0*j - 5*j. Suppose -2*y + 5*t = -37, y - b = -0*y - t. Calculate the highest common factor of y and s.
4
Suppose -3*q - 14 = -5*o, 4*o - 5*q = 2 + 4. Let p be (-4)/(-14) + (-82)/(-7). What is the greatest common divisor of o and p?
4
Suppose 0 = 9*x - 0*x - 171. Calculate the greatest common divisor of x and 76.
19
Let q(h) = -h - 2. Suppose -3*d - 24 = 4*z, -2*d + z - 2*z = 11. Let j be q(d). Calculate the highest common factor of j and 3.
1
Suppose 0*o = -o + 2*k + 7, -5*o - 2*k + 23 = 0. Suppose 0 = 3*r + 5*v - 0 - 3, 1 = r + 5*v. Suppose c - 4 = r. Calculate the highest common factor of o and c.
5
Let u(j) = 16*j + 18. Let n be u(3). What is the highest common factor of 99 and n?
33
Suppose -2 + 1 = -n + 2*o, -4*o = 3*n - 13. Let g = n + -5. Let a be (-4)/g*(-21)/(-6). What is the greatest common divisor of 70 and a?
7
Suppose -11 = -2*c + 15. What is the highest common divisor of c and 104?
13
Let h(n) = 23*n - 7. Let r be h(1). Let x(m) = -2 + 5 + 7*m - 2. Let j be x(1). Calculate the highest common divisor of j and r.
8
Let t(q) = -q**2 + 39. Let h be t(0). Let u = 10 + 3. Calculate the greatest common factor of u and h.
13
Suppose -3*j = -5*l + 2*l + 63, -58 = -3*l - 2*j. What is the highest common divisor of 8 and l?
4
Let x(y) = 6*y - 4. Let u(v) = -v. Let p be u(-6). Suppose 3*b + p = 21. Let w be x(b). Calculate the highest common divisor of 39 and w.
13
Let l = 299 + -285. Let h be ((-7)/(-3))/((-1)/(-42)). What is the greatest common divisor of l and h?
14
Suppose -4*s = -2*q - 3 + 5, -2*s = 2*q + 16. Let i = q - -29. What is the greatest common factor of i and 6?
6
Suppose -5*x + 3*u = 35 + 18, -x - 11 = -u. Let d(w) = w**3 + 11*w**2 + 2*w + 5. Let c be d(x). What is the highest common divisor of c and 17?
17
Suppose 18 = 2*a + 4. What is the highest common factor of a and 7?
7
Let g = 181 + -125. Calculate the highest common factor of g and 8.
8
Let z be 3/2*34/3. Let y = 340 + 34. Suppose -y = v - 3*v. Calculate the highest common divisor of v and z.
17
Let n(h) = -h**3 - 11*h**2 - 12*h - 15. Let m be n(-10). Calculate the greatest common factor of 5 and m.
5
Let j(l) = 19*l**2 + 3*l - 3. Let v be j(1). Let s be 2 + -1 + 924/7. What is the greatest common divisor of v and s?
19
Suppose -3*h + 55 = 2*h. What is the highest common factor of h and 99?
11
Let h(t) = t + 36. Suppose 2*f = -0*f. Let q be h(f). Suppose v - q = -2*v. What is the greatest common divisor of v and 6?
6
Let q = 1 + -23. Let f = q - -58. Let h(j) = -12*j. Let k be h(-2). What is the highest common divisor of f and k?
12
Let b(w) = w**3 + 7*w**2 + 7*w + 4. Let h be b(-4). What is the greatest common factor of 48 and h?
24
Let p(g) = -g**3 - 7*g**2 - 4*g + 4. Let x be p(-7). Let h(m) = 2*m + 8. Let l be h(4). Calculate the greatest common factor of l and x.
16
Let g(v) = v**3 - 9*v**2 + 12*v - 6. Let o be g(8). Suppose -3*m - 309 = -4*f - 43, -3*m = f - 59. What is the highest common factor of o and f?
13
Let u = 86 + -81. Calculate the highest common divisor of u and 5.
5
Let o be (6 - 2)/((-2)/3). Let l be 105/(-20)*32/o. Suppose 0 = -0*d - 5*d + 2*i + 340, -4*d - i + 285 = 0. What is the greatest common divisor of l and d?
14
Let a(q) = -q**2 - 7*q - 4. Let w be a(-7). Let h be (-118)/w + 2/4. Suppose -3*b = 12, -4*y - b + h = -14. What is the highest common factor of y and 132?
12
Let a be (-1)/(-4 + 3) + 39. Let r(i) = 2*i**2 - 2*i + 4. Let h be 2*(7/2 + -2). Let t be r(h). Calculate the highest common factor of a and t.
8
Let d = 26 - 13. Suppose 6 - 16 = -5*n. Suppose 2*t - 5*j = 41, 2*t + 5*j - 17 = n*j. What is the greatest common factor of d and t?
13
Suppose -307 - 173 = -4*i. Let a = 18 + 2. Calculate the highest common factor of a and i.
20
Suppose -5*k + 3 = 5*b - 2, 2*k - 6 = 2*b. Let l = 0 + k. What is the greatest common factor of 16 and l?
2
Let b = 1 - -7. Suppose -2*j + 2*g + 16 = 0, -3*j + 16 = -2*j - 3*g. Calculate the greatest common divisor of b and j.
4
Suppose -113 - 115 = -2*r. Calculate the highest common divisor of 76 and r.
38
Let h be -12 + -2 + -2 + 2. Let b = 7 + h. Let g = 29 + b. Calculate the highest common factor of 44 and g.
22
Let y = -43 - -45. Let x(q) = -q**3 + 7*q**2 - 8*q + 6. Let b be x(5). Calculate the greatest common divisor of b and y.
2
Let t = 181 - 38. Let s be (0 - -1)/((-1)/(-7)). Suppose -3*c = 2*l - 20, 2*l - s = -2*c + 15. What is the greatest common factor of t and l?
13
Suppose -3*q - 3*z = -2*z - 119, 0 = 5*q - z - 201. Calculate the highest common factor of 20 and q.
20
Let t = 23 + -14. Calculate the greatest common factor of 36 and t.
9
Suppose 0 = -c + y + 2, -3*c + y + 11 = -y. Calculate the greatest common factor of c and 63.
7
Suppose -w = l + 1, 5*l + 11 + 2 = -3*w. Calculate the greatest common factor of 8 and w.
4
Let z be (-100)/1*6/(-8). Suppose -2*o + 10 = 0, -5*o + 133 = 2*w + 2*w. Let k = w + 3. Calculate the highest common factor of z and k.
15
Let a(m) = m**2 - 4. Let s be a(7). Calculate the highest common factor of s and 5.
5
Let d = 170 - 105. Calculate the highest common divisor of d and 5.
5
Let i be (28 + 9/3)*5. Calculate the greatest common divisor of 62 and i.
31
Let w be (-4)/(1/(-4 - 0)). Calculate the greatest common divisor of w and 56.
8
Suppose 29 + 31 = 2*x. Suppose 5*t - 53 = 22. What is the highest common divisor of t and x?
15
Let t(q) = 3*q - 15. Let z be t(13). Calculate the greatest common divisor of 120 and z.
24
Let k be (3/(-9)*-8)/((-8)/(-48)). Calculate the greatest common divisor of 128 and k.
16
Let g(l) = -4*l - 3. Let k be g(-3). Let h be 25 - -2 - (0 + 0). Calculate the highest common factor of h and k.
9
Suppose -2*p + 33 = -5*q + 4, 0 = -5*p + q + 15. Let d be (-6 - -1*p)*-4. Calculate the greatest common factor of 48 and d.
16
Suppose -4*b + 238 = 2*i, -5*i = -2*i - 3*b - 339. Calculate the highest common factor of 46 and i.
23
Let i be (122/(-6) - 1)*-3. Suppose 30 = 3*j - 3*z + 6, z = 2*j - 16. What is the highest common divisor of j and i?
8
Let j = 29 - 15. Suppose -j = -5*b + 11. What is the highest common factor of b and 5?
5
Let z(s) = 3*s**2 + 3*s + 18. Let k be z(-4). What is the highest common divisor of k and 6?
6
Suppose 0 = -6*k + 4*k - 40. Let l(s) = s**2 - 3*s - 2. Let m be l(3). Let f = m - k. What is the greatest common factor of f and 27?
9
Let w = -18 - -27. Let p be w/3 + 0 - -1. Suppose -l + 2*o + 1 = -2*l, -p*l + 5*o + 35 = 0. Calculate the greatest common factor of 15 and l.
5
Let h = 1 + -10. Let p(g) be the first derivative of -g**4/4 - 3*g**3 - g**2/2 - 2. Let x be p(h). Calculate the highest common factor of x and 45.
9
Let q(f) = 7*f + 35. Let m(t) = 6*t + 34. Let n(g) = 6*m(g) - 5*q(g). Let y be n(-13). What is the greatest common factor of y and 112?
16
Suppose 6*f - 59 + 5 = 0. Calculate the highest common divisor of 12 and f.
3
Let d(b) = -2*b**3 - 2*b**2 + 4*b + 3. Let a be d(-3). What is the greatest common divisor of 18 and a?
9
Let u be 2 + 0 + (-4 - -1). Let i be 42/24*(45 + u). Calculate the highest common factor of 11 and i.
11
Suppose -4*m = -2*v + 32 + 130, -190 = -2*v - 3*m. Let c = v - 49. What is the greatest common factor of c and 8?
8
Let n = 489 - 219. Calculate the greatest common divisor of n and 30.
30
Let n = 346 + -247. What is the highest common divisor of n and 11?
11
Let d(f) = 2*f - 8. Let x be 5*(3 + (-1)/5). Let y be d(x). Calculate the highest common divisor of y and 20.
20
Let f be 48/(-36)*((-22)/4 - -1). What is the highest common factor of f and 2?
2
Let y = 215 - 143. What is the greatest common factor of y and 12?
12
Let n = -4 - -6. Suppose -5*w + 14 = -3*u, -u - 2*u - 5 = 4*w. Let h be w/((n + 1)/72). Calculate the highest common factor of h and 6.
6
Let c(z) = 8*z + 3 + 12 + z**2 + 5. Let r be c(-8). Let n = -12 - -17. What is the greatest common factor of r and n?
5
Suppose 3*i + o - 18 = 0, -4*o + 22 = 4*i - 2*i. Suppose -i*w = -0*b - 2*b + 35, 45 = 5*b - 4*w. What is the highest common divis